(-15))/((-8)/(-40))?
3, 19
Let z be 2/4*-1*6. Let o = z - -2. What are the prime factors of (-2)/(o + -3)*8?
2
Suppose -5*m + 252 = 2*m. What are the prime factors of m?
2, 3
Let y be (-6 + -4)/(1*-2). Suppose 5*h = 155 + y. List the prime factors of h.
2
Suppose -3*m + 2 = 3*g + m, 3*g - 22 = m. Let f be (-2)/12 + (-23)/g. List the prime factors of (f + -4)*-1*1.
2
Let h(d) be the third derivative of d**6/120 - d**5/20 - 5*d**4/24 - 2*d**3/3 + d**2. List the prime factors of h(5).
3, 7
Let k(b) = 2*b + 6*b**2 - b - 2*b**2 - 3*b**2. Let a(c) = c**2 - c - 2. Let d be a(3). What are the prime factors of k(d)?
2, 5
Let r = 9 + 4. List the prime factors of r.
13
Let b(k) = -k**2 - 6*k + 6. Let p be b(-6). Suppose h + 3*w - 19 = 0, 0 = -p*h + 3*h - w + 17. Suppose 3*u - h*u = -6. List the prime factors of u.
2, 3
Suppose -4*t + 9*t - 75 = -3*h, -5*t = 0. What are the prime factors of h?
5
Let s be (-1 - -1 - -2) + -7. Let i = 5 + s. Let t = 10 + i. What are the prime factors of t?
2, 5
Suppose 5*n - 17 = -2. Suppose -s - 24 = -4*s. Suppose 2*z + 10 = 0, z + 21 + s = n*c. List the prime factors of c.
2
Let o be (-8)/(-12)*3/(-2). Suppose 4*f - 26 - 6 = 0. Let q = o + f. List the prime factors of q.
7
Let o(d) be the second derivative of d**4/4 + d**3/3 + d**2/2 - 4*d. List the prime factors of o(3).
2, 17
Let c be (-3 - -2)*2 - -5. Suppose 2*x - 81 = -c. What are the prime factors of x?
3, 13
Let v(o) = 8*o**3 - 3*o**2 + 2*o - 2. Let d be v(2). List the prime factors of 1/3*(d + 3).
19
Let k(w) = -w**3 - 5*w**2 + 7*w + 6. Let r be k(-6). Suppose -3*u + 8*u + 10 = r, 0 = 4*f - 2*u - 52. List the prime factors of f.
2, 3
Let x(h) = -h + 11. Let s be x(-11). Suppose 5*c - 13 = s. List the prime factors of c.
7
Suppose 5*m = -q + 15, -m + q + 21 = 3*m. Let v = -79 + 130. Suppose -m*g + 24 = f, 6*f - 3*g = f + v. List the prime factors of f.
2, 3
Let u(n) = n**2 + 7*n - 4. Let q be u(-7). Let s(v) = -v**3 - 3*v**2 + 3*v - 2. List the prime factors of s(q).
2
Let b be 4/(3/(-4) - -1). Suppose 2*t - 3*t = 1, 2*s - 5*t - 1 = 0. What are the prime factors of b + s + 2/(-1)?
2, 3
Let u(z) = 17*z**2 + 3*z + 2. Let t be 0/(-1 - 3) - 1. List the prime factors of u(t).
2
Let g = 1 - -2. What are the prime factors of g/(0 + (-6)/(-4))?
2
Let x = 14 - 5. Let a = x + -4. List the prime factors of a.
5
Suppose -3 = 3*s, 0 = -5*k + 5*s - 34 - 21. List the prime factors of k/(-8) + 25/2.
2, 7
Suppose 4*p - u = -0*u + 13, -4*p = -3*u - 23. Suppose 0 = p*a - 0*a. Suppose 0 = j - a*j - 4. List the prime factors of j.
2
Suppose -j = 2*j - 117. What are the prime factors of j?
3, 13
Suppose 0*i = 2*i. Suppose -5*p = 2*d - i*d - 29, -d = 4*p - 22. List the prime factors of p.
5
Let p = -2 - -4. Suppose -3*m + 1 = -2*m, -p = 3*l - 2*m. Suppose -24 = -4*n - l*n. What are the prime factors of n?
2, 3
Let o(i) be the third derivative of -i**6/120 - 7*i**5/60 + 5*i**4/24 - 11*i**3/6 - i**2. List the prime factors of o(-8).
13
Suppose 528 = 9*v - v. Suppose -2*l = 2*l + 16. List the prime factors of (-21)/14 - v/l.
3, 5
Let s = -139 + 181. List the prime factors of s.
2, 3, 7
Let g(q) = -q**3 + 8*q**2 - 8*q - 9. List the prime factors of g(5).
2, 13
What are the prime factors of 15 + -4 - (5 + -2 + 1)?
7
Let p(y) = y**3 - 5*y**3 - 2 + 3*y**3 + 3*y**2 + 3*y. Let s be -1*1/3*-6. What are the prime factors of p(s)?
2
Let q(y) = y + 9. Let a be q(-7). Suppose a*c = 5 + 3. What are the prime factors of c?
2
Let d(v) = -v**2 - 13*v - 15. Let g be d(-6). Suppose -2*i - i = -g. List the prime factors of i.
3
Suppose -3*m = 3, -2*o - 2*o - 3*m = -365. What are the prime factors of o?
2, 23
Let s = 4 + -3. Suppose s = 3*h - 5. Suppose -b = h - 5. List the prime factors of b.
3
Let b(f) = f**3 - 7*f**2 + 6*f + 3. Let v be b(6). Suppose w + 1 = 3*h - 12, -19 = v*w - 4*h. What are the prime factors of -1*w/1*3?
3
Let h(c) = c**3 + 6*c**2 - 5*c + 1. Let n be h(-6). Let g be 10/(-4)*(-2)/1. Suppose -2*j + 3*a + 17 = -0*a, -g*a - n = -4*j. List the prime factors of j.
2
Let f(x) = x**2 - x - 1. Let p be f(-1). Let q = p - -3. List the prime factors of q.
2
Let i(a) be the first derivative of a**4/4 + a**3 + 4*a - 3. What are the prime factors of i(-3)?
2
Let x = 81 + -33. Let i = -6 + x. List the prime factors of i.
2, 3, 7
Let c(s) = 2*s**3 - 5*s**2 + 3*s + 14. Let f(a) = a**3 - 3*a**2 + 2*a + 7. Let y(d) = 3*c(d) - 5*f(d). Let x be y(0). List the prime factors of 22 - (x - 1)/2.
19
Let r(a) be the second derivative of a**5/20 + 5*a**4/6 + 7*a**3/6 - 4*a**2 - 3*a. Let o be r(-8). Suppose 4*j + 0*j - o = 0. List the prime factors of j.
2
Suppose 5*k - 396 = r + 3*r, -320 = -4*k + 4*r. Let z = -48 + k. What are the prime factors of z?
2, 7
Let c(k) = -10*k - 66. List the prime factors of c(-8).
2, 7
Let n = 10 - -5. List the prime factors of n.
3, 5
Let t(o) = -o - 1. Let y(a) = -a. Let j(n) = -4*t(n) + 5*y(n). List the prime factors of j(-7).
11
Let i(x) = -x + 5. Let c be i(2). Suppose -26 = -4*l + 3*d - 6, 3*l = -c*d + 36. What are the prime factors of l?
2
Let a = -2 + 11. What are the prime factors of a?
3
Suppose 0 = -3*b + 7*b - 184. Suppose 4*m - 3*r = 224, -m + 4*r = -10 - b. List the prime factors of m.
2, 7
Let f = 103 + -21. List the prime factors of f.
2, 41
What are the prime factors of -245*(-2)/(7/(7/2))?
5, 7
Suppose 0 = -5*v - v + 294. List the prime factors of v.
7
Let g = -4 + 1. Let s(k) = -4*k + 1. List the prime factors of s(g).
13
Let f = 3 + 11. Let d(k) = -10 + f*k - 10*k + 4. List the prime factors of d(4).
2, 5
Let j = 4 - 2. Suppose f + 12 = 2*q + j*q, 5*q - 24 = -f. Suppose -8*d + f*d + 36 = 0. List the prime factors of d.
3
Suppose 0 = -3*o - 2*o + 15. Suppose 0 = s - q - 2 - 2, -2*s - 3*q + 3 = 0. Suppose -z - 2*r = -8, o*z - s*r - 32 = -z. List the prime factors of z.
2
Suppose -5*z + 3*h = -105, -5*z - 7*h = -2*h - 145. What are the prime factors of z?
2, 3
Let o(w) = 6*w**3 - 10*w**2 - 11*w + 4. Let b(y) = y**3 - y**2 - y - 1. Let v(j) = -5*b(j) + o(j). List the prime factors of v(6).
3
Let z(q) = q - 6. Let f be z(8). Let x be (f/(-7))/((-3)/21). Suppose x = -3*u - 5*j, -3*j = -u + 2*u + 6. What are the prime factors of u?
2, 3
Let z(k) be the third derivative of k**4/8 - 2*k**3/3 - 3*k**2. Let v be z(3). Let d = -3 + v. List the prime factors of d.
2
Let r = 10 - 7. What are the prime factors of r?
3
Let f(i) = 3*i - 2. Let v be f(6). Let q be v/(-56) - (-144)/14. Let w = -2 + q. What are the prime factors of w?
2
Let w(n) = n**2 + 8*n - 7. Let o be w(-9). Let v be 2/(1/o*1). Suppose v + 3 = s. What are the prime factors of s?
7
Let i be (57/(-12))/(2/(-16)). Let j = 59 - i. List the prime factors of j.
3, 7
Let y(v) = v**3 - 6*v**2 + 4*v. Let i be y(5). What are the prime factors of ((-15)/9)/i*6?
2
Let w(u) = -u**2 + 5*u - 1. Let h be w(4). Let l be (-23)/(-1) + (-2)/(-2). Suppose j - l = -h*j. List the prime factors of j.
2, 3
Suppose 0 = -r + 3*n - 1, 2*n = 2*r - 10. Suppose 6*i + 18 = r*i. What are the prime factors of i?
3
Let s be 1 + 1/(-2)*-4. Suppose l - s = 15. What are the prime factors of l?
2, 3
What are the prime factors of 5/(20/(-12)) + 45?
2, 3, 7
Let z be (-14)/42*(-30)/(-2). Let q(i) = i**3 + 7*i**2 + 9*i + 2. List the prime factors of q(z).
7
Suppose 0 = 3*k - 8*k - 55. Let q = -22 - k. Let s = q + 26. What are the prime factors of s?
3, 5
Let j(y) = y**3 - 2*y**3 - y**2 + 6 - 7*y**2 + 2*y**3. Let h be (-2 + 1)*4*-2. What are the prime factors of j(h)?
2, 3
Suppose -5*n = 97 - 512. Suppose 0 = 2*k - 3*z - n, -2*k + 6 = z - 73. What are the prime factors of k?
2, 5
Let n(l) = 39*l**2 + 2*l - 1. What are the prime factors of n(1)?
2, 5
Suppose 0 = -4*z - z - 60. Let l be 50/8 - (-3)/z. Let s(p) = p**3 - 7*p**2 + 9*p - 8. What are the prime factors of s(l)?
2, 5
Let o = 138 + 70. List the prime factors of o.
2, 13
Let i(h) be the third derivative of h**4/24 + 7*h**3/6 + h**2. Let w = -15 - -10. What are the prime factors of i(w)?
2
List the prime factors of 4/(-18) - ((-7300)/45)/1.
2, 3
Suppose 0 = -s + 4*s - 51. What are the prime factors of s?
17
Let p = 12 + -12. Let l(u) be the first derivative of -u**3/3 + 8*u + 1. List the prime factors of l(p).
2
Let b(r) = 1. Let v(d) = d - 11. Let l(z) = -5*b(z) - v(z). List the prime factors of